me?
False
Suppose 0 = -4*u + 3*u + 2. Suppose 2*y + 5*f + 101 - 632 = 0, -u*y = -3*f - 555. Suppose 4*d - d - y = 0. Is d a composite number?
True
Let w be 3/((-1 - -1) + 3). Is (1 - -39) + w + -2 a composite number?
True
Let k = -5 + 6. Suppose g = k + 13. Is g composite?
True
Let h(n) = 2*n**3 - 4*n**2 - 1. Let f be h(7). Let q = -226 + f. Is q a composite number?
False
Let d(o) = o**3 - 15*o**2 + 16*o - 29. Is d(15) prime?
True
Let v be ((-1)/3)/((-2)/114). Suppose -4*m - 3 = d, 4*d = 4*m + 7 - v. Let q(t) = -3*t**3 - 4. Is q(d) a composite number?
True
Let g be 0 + (4 - 3 - 174). Let q(d) = 76*d - 4. Let x be q(4). Let h = g + x. Is h composite?
False
Let v = 11 - 6. Suppose 13 = v*s - 7. Let j(z) = -z**3 + 5*z**2 + z - 1. Is j(s) composite?
False
Let u(g) be the third derivative of -g**4/24 + 11*g**3/3 + 4*g**2. Is u(0) a prime number?
False
Let w(p) = -18*p**3 + p**2 - 1. Let z be w(1). Is (-4)/z + (-1014)/(-54) a prime number?
True
Let l(g) = -g**3 - 7*g**2 - 8*g + 3. Let y be l(-6). Suppose 0*s = 5*s - y. Let p = 12 - s. Is p prime?
False
Suppose 0 = q - 0 + 6. Let g(x) be the third derivative of x**6/120 + x**5/12 - x**4/3 - x**3 + x**2. Is g(q) prime?
False
Let h = -13 + 9. Is (-12)/(-5) - h/(-10) prime?
True
Suppose -1028 = -o - 3*o. Suppose -o = -3*p - k, 2*k - 189 = -2*p - 11. Is (-1 + 0)/((-4)/p) prime?
False
Is 5593/15 - (-2)/15 a composite number?
False
Let k = -132 + 2185. Is k a prime number?
True
Let w be ((-5)/(-3))/(1/(-3)). Is (-16)/40 - 397/w prime?
True
Let w(v) = -3*v - 7. Let d be 3/9 - 14/(-3). Suppose -d*o + 4*m = -o + 40, -m + 3 = 0. Is w(o) composite?
True
Let d be 1/(-1) + (0 - 1). Suppose 4*g = -173 - 295. Is (g/6 + 1)*d prime?
True
Let w(f) = -f**2 - 2*f - 1. Let k be w(-1). Suppose 4*t - 168 = -g, k = 2*t + t + 2*g - 121. Let i = 80 - t. Is i a composite number?
False
Let t(n) = -2*n**2 - 7*n - 7. Let k be t(-8). Let q = 179 + k. Suppose 4*p + 24 = q. Is p a composite number?
False
Let h(a) = 2*a**3 - 4*a + 1. Let g be h(3). Suppose 2*d - 82 = 5*p, 200 = 3*d + p + g. Is d a composite number?
True
Let u be 6/9*(-642)/(-4). Let t = u - 28. Is t prime?
True
Is (-382)/((3 - 9)/3) prime?
True
Let h = 795 - -184. Is h prime?
False
Is (-1 + 2)*3263*(9 + -8) prime?
False
Suppose -4*o - 512 = 104. Let y = -65 - o. Is y prime?
True
Suppose 0*t = 3*t - 15. Suppose -11 = -t*m + 14. Suppose -2*j - n - 18 = -3*j, 0 = -m*j - 2*n + 118. Is j a composite number?
True
Let r(h) = -5*h**3 - 7*h**2 - 6*h. Let c(b) = -4*b**3 - 8*b**2 - 7*b. Let n(t) = -6*c(t) + 7*r(t). Is n(-1) composite?
True
Suppose -4*f - f = 3*o - 22, -5*o + 5*f = 30. Is (356/(-8))/(o/2) a prime number?
True
Suppose -3*o = 5*o - 3976. Is o a prime number?
False
Let z = -345 - -507. Let w = z + -1. Is w a prime number?
False
Let s(p) = 2*p**2 + 1 + 2*p - 3*p**2 - 5*p. Let m be s(-2). Suppose 0*q = -m*q + 18. Is q prime?
False
Suppose -5*l = -111 - 14. Suppose d + l = -4*d. Let r = -2 - d. Is r a composite number?
False
Let m = -93 + 234. Is m composite?
True
Let f = 30 + 155. Is f composite?
True
Suppose 5*r + 974 - 268 = f, 1405 = 2*f - 3*r. Is f a prime number?
True
Let k(j) = -2*j**3 - 11*j**2 - 13. Is k(-8) a prime number?
True
Let b(h) = -h**2 + 4*h + 4. Let s(y) = y**3 - 6*y**2 + 6*y + 1. Let r be s(5). Let g be b(r). Is (-131)/(-7) - g/28 prime?
True
Let g = -3 + 5. Suppose 0 = -4*r + 7 - 3, 4*p = g*r + 90. Let i = 30 + p. Is i composite?
False
Is ((-2)/2 - 0)/(14/(-32298)) a prime number?
False
Let x(z) be the third derivative of z**5/60 - 13*z**4/24 + 7*z**3/2 + z**2. Is x(14) composite?
True
Suppose -3*q - 3*d = -q - 41, 4*q - 84 = -4*d. Suppose 2*w - 22 = q. Is w a composite number?
True
Let k(v) = -v**2 - 5*v. Let u be k(-5). Let i(h) = -5*h + u + 4*h + 14. Is i(0) prime?
False
Suppose 4*u - 18 = u. Let y(c) be the third derivative of c**4/24 + c**2. Is y(u) prime?
False
Suppose 2*v = z - 11, 0 = 4*v + z + z + 18. Let p = v - -43. Is p a prime number?
False
Suppose -5 + 1 = -4*v. Let z(t) = 34*t**2 + 2*t - 1. Is z(v) composite?
True
Suppose 0 = -3*i - 3*f + 1227, f - 4*f = -5*i + 2045. Is i composite?
False
Let u(o) = -437*o**2 + o - 1. Let w be u(1). Let p = 648 + w. Is p prime?
True
Suppose -5*c = -3*c - 658. Is c prime?
False
Let t be ((-4)/(-12))/((-2)/(-4098)). Suppose -4*j + t = 1635. Let x = -77 - j. Is x a composite number?
True
Let a be (-10)/1 + (2 - 1). Suppose -3*w - 2*o = -34, -4*w + 4*o + 15 + 17 = 0. Let k = w - a. Is k a prime number?
True
Let a = 1856 - -1487. Is a a composite number?
False
Let x(o) = -42*o - 1. Let k be x(1). Let z = 80 + k. Is z a prime number?
True
Suppose 4*i + 4 = -3*f - 4, 2*f = -3*i - 6. Suppose 2*p + k - 71 = f, 5*p = -3*k - k + 173. Is p a prime number?
True
Let j be (84 + 2)/((-12)/(-246)). Suppose 0*u - 2*c = 3*u - j, 5*u - 2940 = -5*c. Is u a composite number?
False
Suppose 0 = 5*q + 5*l + 168 - 1108, 0 = 5*q + 3*l - 930. Is q a prime number?
False
Suppose 5*i = -51 + 21. Let r = 27 + -25. Is (-189)/i - 1/r a prime number?
True
Is (1/3)/(19/21489) composite?
True
Let t = 4594 - 1889. Is t composite?
True
Let i be 1/2 + 14/4. Suppose 4*j - 5 = z, z - 11 = -j + i. Suppose 44 = b + z. Is b a prime number?
False
Suppose -7061 = -2*v + 1325. Is v a prime number?
False
Let g(f) = -8*f - 1. Let w be -1 + (1 + -5 - -1). Let o be (2 - 1)*40/w. Is g(o) composite?
False
Let v be (-6)/15 - (-554)/10. Let w(z) = v*z + 4 - 4. Is w(1) a composite number?
True
Let c(q) be the third derivative of q**4/24 - q**3/2 - q**2. Is c(5) a composite number?
False
Suppose -5*r = -3*m + 53, 2*r + 11 = m - 11. Let w = -6 - r. Is w prime?
True
Suppose 0 = 2*t + 4*z - 298, -t - 7*z + 149 = -3*z. Is t composite?
False
Let i(t) = 4*t. Let m be i(1). Suppose 3*a - 14 = m*g + 45, 5*g - 2*a = -72. Is 10*g*3/(-12) a composite number?
True
Let m(b) = b**3 - 10*b**2 + 9*b - 8. Let g be m(11). Let s = 373 - g. Is s prime?
False
Let s = 176 - 57. Suppose 0 = 2*n - s - 35. Is n composite?
True
Suppose v = -a + 3, v + 3*v = 3*a + 47. Let j = 9 + -8. Is j*(1 - (2 - v)) a prime number?
True
Suppose 300 = 3*n - 45. Is n a composite number?
True
Is (9/6)/((-2)/(-20)) composite?
True
Let y be (-3 + 9)/(4/(-2)). Let k(n) = 11*n**2 - 2*n + 1. Is k(y) a composite number?
True
Let o = 16 + -22. Is 4/o + 766/6 prime?
True
Let h be (-4)/(-2) + (37 - 3). Suppose -h - 2 = -2*t. Is t a prime number?
True
Suppose -704 + 5020 = 4*h. Is h composite?
True
Let x = 74 + 627. Is x a prime number?
True
Let h(a) = -a**2 - a + 1. Let w(s) = 2*s**2 + 2*s - 4. Let t(d) = -3*h(d) - w(d). Let b = 7 - 4. Is t(b) a composite number?
False
Let s(t) = -t**3 - t - 8. Let b be s(0). Let l = b - -12. Suppose -3*i + 282 = 2*d + 3*d, 341 = l*i - 5*d. Is i prime?
True
Suppose -2*d = t + 292, -3*t + 132 = -4*d + 3*d. Is 32/d + (-1037)/(-9) a prime number?
False
Suppose -5*l - 2065 = -8*s + 3*s, -1235 = -3*s + 2*l. Is s a prime number?
True
Let f(v) = v**3 + 2*v**2 - 4*v - 2. Let n be f(-3). Is 209 + n/(-2)*-4 composite?
False
Let q = 44 + 83. Is q a prime number?
True
Is (3 - -4)/(-21) + 2156/6 a prime number?
True
Let k(y) be the second derivative of -y**5/20 - 7*y**4/12 - 5*y**3/6 + 3*y**2 + 3*y. Let s be k(-6). Suppose 2*b + 3*b - 395 = s. Is b a prime number?
True
Let n(b) = 2*b - 1. Let z be n(2). Let m = -3 - z. Let o = 7 - m. Is o prime?
True
Suppose 3 = 2*r + 9, 2*z = -3*r + 7385. Is z composite?
False
Let t(b) = 2*b**2 - 3*b + 9. Let q(f) = f + 3. Let g be q(-13). Is t(g) prime?
True
Suppose 3*v - 165 = -0*v + b, -3*b = 2*v - 99. Suppose 0 = 3*u + 2*h - 31 - v, 3*u - 83 = -h. Suppose -125 = -2*l - u. Is l a composite number?
True
Let v(p) = -200*p + 10. Let g be v(7). Let h = -849 - g. Is h a composite number?
False
Let l(j) = -j**2 + 355. Let c be l(0). Suppose 4*x = -3*z + 14, -4*x + 14 = 5*z - 2*x. Suppose 4*i = f - 221, c = z*f + 4*i - 135. Is f a composite number?
True
Suppose -5*h + 35 = i, -2*h + i + 5 = -2. Let k = -4 + h. Is (-496)/(-6) + k/6 a composite number?
False
Let u = 0 - 3. Let t = 3 - u. Is (-1)/2 + 201/t composite?
True
Let p = -103 + 33. Let v = 101 + p. Is v composite?
False
Suppose 2*f - 4*f - 6 = 0. Let i(a) = -8*a**3 - 2*a**2 - 3*a + 4. Is i(f) prime?
True
Suppose 5*p - 927 = 2*o + 15712, -o + 9990 = 3*p. Is p a prime number?
True
Let m be (-3)/(-